{"id":910,"date":"2021-04-20T08:17:12","date_gmt":"2021-04-20T08:17:12","guid":{"rendered":"http:\/\/mondesenchantier.fr\/?page_id=910"},"modified":"2022-03-23T13:40:03","modified_gmt":"2022-03-23T13:40:03","slug":"contact","status":"publish","type":"page","link":"http:\/\/mondesenchantier.fr\/?page_id=910","title":{"rendered":"Contact"},"content":{"rendered":"\n<div class=\"wp-block-blockspare-blockspare-section-header aligncenter blockspare-66c1c47a-a15c-4 blockspare-section-header-wrapper blockspare-blocks aligncenter\"><style>.blockspare-66c1c47a-a15c-4 .blockspare-section-head-wrap{background-color:transparent;text-align:center;padding-top:10px;padding-right:20px;padding-bottom:10px;margin-top:30px;margin-bottom:30px;padding-left:20px}.blockspare-66c1c47a-a15c-4 .blockspare-section-head-wrap .blockspare-title{color:#404040;font-size:32px;font-family:Default;padding-top:5px;padding-bottom:5px}.blockspare-66c1c47a-a15c-4 .blockspare-section-head-wrap .blockspare-subtitle{color:#6d6d6d;font-size:18px;font-family:Default;padding-top:5px;padding-bottom:5px}.blockspare-66c1c47a-a15c-4 .blockspare-title-dash{color:#fcb900}@media screen and (max-width:1025px){.blockspare-66c1c47a-a15c-4 .blockspare-section-head-wrap .blockspare-title{font-size:undefinedpx}.blockspare-66c1c47a-a15c-4 .blockspare-section-head-wrap .blockspare-subtitle{font-size:undefinedpx}}@media screen and (max-width:768px){.blockspare-66c1c47a-a15c-4 .blockspare-section-head-wrap .blockspare-title{font-size:undefinedpx}.blockspare-66c1c47a-a15c-4 .blockspare-section-head-wrap .blockspare-subtitle{font-size:undefinedpx}}<\/style><div class=\"blockspare-section-head-wrap blockspare-style2 blockspare-center\"><div class=\"blockspare-title-wrapper\"><span class=\"blockspare-title-dash blockspare-upper-dash\"><\/span><h2 class=\"blockspare-title\">Me contacter<\/h2><span class=\"blockspare-title-dash blockspare-lower-dash\"><\/span><\/div><div class=\"blockspare-subtitle-wrapper\"><span class=\"blockspare-title-dash blockspare-upper-dash\"><\/span><p class=\"blockspare-subtitle\">Si vous voulez m&rsquo;envoyer un petit message&#8230;<\/p><span class=\"blockspare-title-dash blockspare-lower-dash\"><\/span><\/div><\/div><\/div>\n\n\n\n<p>&#8230; et bien n&rsquo;h\u00e9sitez pas \u00e0 utiliser le formulaire ci-dessous :<\/p>\n\n\n\n<div class=\"wp-block-contact-form-7-contact-form-selector\"><div role=\"form\" class=\"wpcf7\" id=\"wpcf7-f1992-o1\" lang=\"fr-FR\" dir=\"ltr\">\n<div class=\"screen-reader-response\"><p role=\"status\" aria-live=\"polite\" aria-atomic=\"true\"><\/p> <ul><\/ul><\/div>\n<form action=\"\/index.php?rest_route=%2Fwp%2Fv2%2Fpages%2F910#wpcf7-f1992-o1\" method=\"post\" class=\"wpcf7-form init\" novalidate=\"novalidate\" data-status=\"init\">\n<div style=\"display: none;\">\n<input type=\"hidden\" name=\"_wpcf7\" value=\"1992\" \/>\n<input type=\"hidden\" name=\"_wpcf7_version\" value=\"5.5.6\" \/>\n<input type=\"hidden\" name=\"_wpcf7_locale\" value=\"fr_FR\" \/>\n<input type=\"hidden\" name=\"_wpcf7_unit_tag\" value=\"wpcf7-f1992-o1\" \/>\n<input type=\"hidden\" name=\"_wpcf7_container_post\" value=\"0\" \/>\n<input type=\"hidden\" name=\"_wpcf7_posted_data_hash\" value=\"\" \/>\n<\/div>\n<p><label> Votre nom<br \/>\n    <span class=\"wpcf7-form-control-wrap your-name\"><input type=\"text\" name=\"your-name\" value=\"\" size=\"40\" class=\"wpcf7-form-control wpcf7-text wpcf7-validates-as-required\" aria-required=\"true\" aria-invalid=\"false\" \/><\/span> <\/label><\/p>\n<p><label> Votre e-mail<br \/>\n    <span class=\"wpcf7-form-control-wrap your-email\"><input type=\"email\" name=\"your-email\" value=\"\" size=\"40\" class=\"wpcf7-form-control wpcf7-text wpcf7-email wpcf7-validates-as-required wpcf7-validates-as-email\" aria-required=\"true\" aria-invalid=\"false\" \/><\/span> <\/label><\/p>\n<p><label> Objet<br \/>\n    <span class=\"wpcf7-form-control-wrap your-subject\"><input type=\"text\" name=\"your-subject\" value=\"\" size=\"40\" class=\"wpcf7-form-control wpcf7-text wpcf7-validates-as-required\" aria-required=\"true\" aria-invalid=\"false\" \/><\/span> <\/label><\/p>\n<p><label> Votre message (facultatif)<br \/>\n    <span class=\"wpcf7-form-control-wrap your-message\"><textarea name=\"your-message\" cols=\"40\" rows=\"10\" class=\"wpcf7-form-control wpcf7-textarea\" aria-invalid=\"false\"><\/textarea><\/span> <\/label><\/p>\n<p><input type=\"submit\" value=\"Envoyer\" class=\"wpcf7-form-control has-spinner wpcf7-submit\" \/><\/p>\n<div class=\"wpcf7-response-output\" aria-hidden=\"true\"><\/div><\/form><\/div><\/div>\n\n\n\n<p>En revanche, on y va mollo sur les r\u00e9seaux (t&rsquo;as vu moi aussi je peux faire du rap fran\u00e7ais !) et on reste juste fid\u00e8le \u00e0 notre bonne vielle page Facebook :<\/p>\n\n\n\n<div class=\"wp-block-blockspare-blockspare-social-links blockspare-04192201-75c1-4 blockspare-socaillink-block\"><style>.blockspare-04192201-75c1-4 .blockspare-social-wrapper{text-align:center;margin-top:30px;margin-bottom:30px}<\/style><div class=\"blockspare-blocks blockspare-social-wrapper\"><ul class=\"blockspare-social-links blockspare-default-official-color blockspare-social-icon-circle blockspare-social-icon-large blockspare-icon-only blockspare-social-icon-solid\"><li><a href=\"https:\/\/www.facebook.com\/Mondes-en-Chantier-74362654020\" class=\"\" target=\"_blank\" rel=\"noopener noreferrer\"><span class=\"blockspare-social-icons\"><i class=\"fab fa-facebook-f\"><\/i> <span class=\"screen-reader-text\">Facebook<\/span><\/span><\/a><\/li><\/ul><\/div><\/div>\n\n\n\n<p>Bon, OK, elle a besoin d&rsquo;\u00eatre un peu r\u00e9activ\u00e9e mais cela va venir.<\/p>\n","protected":false},"excerpt":{"rendered":"<p>&#8230; et bien n&rsquo;h\u00e9sitez pas \u00e0 utiliser le formulaire ci-dessous : En revanche, on y<\/p>\n","protected":false},"author":1,"featured_media":0,"parent":0,"menu_order":0,"comment_status":"closed","ping_status":"closed","template":"","meta":{"_editorskit_title_hidden":false,"_editorskit_reading_time":1,"_editorskit_typography_data":[],"_editorskit_blocks_typography":"","_editorskit_is_block_options_detached":false,"_editorskit_block_options_position":"{}","om_disable_all_campaigns":false,"_monsterinsights_skip_tracking":false,"_monsterinsights_sitenote_active":false,"_monsterinsights_sitenote_note":"","_monsterinsights_sitenote_category":0,"footnotes":""},"class_list":["post-910","page","type-page","status-publish","hentry"],"_links":{"self":[{"href":"http:\/\/mondesenchantier.fr\/index.php?rest_route=\/wp\/v2\/pages\/910","targetHints":{"allow":["GET"]}}],"collection":[{"href":"http:\/\/mondesenchantier.fr\/index.php?rest_route=\/wp\/v2\/pages"}],"about":[{"href":"http:\/\/mondesenchantier.fr\/index.php?rest_route=\/wp\/v2\/types\/page"}],"author":[{"embeddable":true,"href":"http:\/\/mondesenchantier.fr\/index.php?rest_route=\/wp\/v2\/users\/1"}],"replies":[{"embeddable":true,"href":"http:\/\/mondesenchantier.fr\/index.php?rest_route=%2Fwp%2Fv2%2Fcomments&post=910"}],"version-history":[{"count":6,"href":"http:\/\/mondesenchantier.fr\/index.php?rest_route=\/wp\/v2\/pages\/910\/revisions"}],"predecessor-version":[{"id":1995,"href":"http:\/\/mondesenchantier.fr\/index.php?rest_route=\/wp\/v2\/pages\/910\/revisions\/1995"}],"wp:attachment":[{"href":"http:\/\/mondesenchantier.fr\/index.php?rest_route=%2Fwp%2Fv2%2Fmedia&parent=910"}],"curies":[{"name":"wp","href":"https:\/\/api.w.org\/{rel}","templated":true}]}}